25.
1008
Calculate the remainder when 197014 is divided by 6222.
4132
What is the remainder when 206744 is divided by 25826?
136
What is the remainder when 190967943 is divided by 17?
7
Calculate the remainder when 46107762 is divided by 23053872.
18
Calculate the remainder when 126351 is divided by 555.
366
Calculate the remainder when 16827614 is divided by 3365516.
34
What is the remainder when 179554 is divided by 22444?
2
Calculate the remainder when 857065 is divided by 1049.
32
What is the remainder when 14149396 is divided by 100?
96
Calculate the remainder when 33401 is divided by 14975.
3451
Calculate the remainder when 6251515 is divided by 2675.
40
Calculate the remainder when 2439236 is divided by 7090.
276
What is the remainder when 6404243 is divided by 32?
19
What is the remainder when 154213 is divided by 477?
142
Calculate the remainder when 15595874 is divided by 198.
8
Calculate the remainder when 9544505 is divided by 207489.
11
Calculate the remainder when 288048 is divided by 71619.
1572
What is the remainder when 154258249 is divided by 25?
24
What is the remainder when 2702659 is divided by 36521?
105
What is the remainder when 173565 is divided by 1354?
253
Calculate the remainder when 27969 is divided by 9305.
54
What is the remainder when 256563 is divided by 5019?
594
Calculate the remainder when 24168 is divided by 1615.
1558
Calculate the remainder when 138477199 is divided by 100.
99
Calculate the remainder when 973207 is divided by 38928.
7
Calculate the remainder when 672873051 is divided by 2468.
2467
Calculate the remainder when 74567 is divided by 483.
185
Calculate the remainder when 111567 is divided by 22046.
1337
Calculate the remainder when 66498 is divided by 4726.
334
Calculate the remainder when 12252271 is divided by 371.
367
What is the remainder when 1007613 is divided by 15501?
48
Calculate the remainder when 25536 is divided by 421.
276
Calculate the remainder when 6140 is divided by 3005.
130
What is the remainder when 1088504 is divided by 1087829?
675
What is the remainder when 1764000 is divided by 6147?
5958
What is the remainder when 17072 is divided by 2573?
1634
Calculate the remainder when 2195899 is divided by 4714.
3889
What is the remainder when 20368858 is divided by 68582?
4
Calculate the remainder when 80831 is divided by 2617.
2321
What is the remainder when 112891025 is divided by 8103?
29
Calculate the remainder when 9330104 is divided by 73.
47
What is the remainder when 91224451 is divided by 398360?
11
What is the remainder when 8357 is divided by 831?
47
What is the remainder when 115442 is divided by 194?
12
Calculate the remainder when 14035566 is divided by 293.
280
Calculate the remainder when 1066881 is divided by 156.
153
What is the remainder when 88647 is divided by 6308?
335
Calculate the remainder when 12705490 is divided by 17.
13
What is the remainder when 104012960 is divided by 26003237?
12
Calculate the remainder when 5973 is divided by 2954.
65
Calculate the remainder when 23582 is divided by 122.
36
Calculate the remainder when 99397 is divided by 97.
69
What is the remainder when 811319 is divided by 22536?
23
What is the remainder when 23463 is divided by 10954?
1555
What is the remainder when 100091 is divided by 100028?
63
Calculate the remainder when 438023643 is divided by 188.
187
What is the remainder when 122292 is divided by 23015?
7217
What is the remainder when 18292443 is divided by 4573110?
3
What is the remainder when 442148 is divided by 477?
446
What is the remainder when 10660186 is divided by 973?
971
What is the remainder when 797492 is divided by 33?
14
What is the remainder when 14155 is divided by 1003?
113
Calculate the remainder when 381707 is divided by 380379.
1328
What is the remainder when 27795 is divided by 1975?
145
What is the remainder when 322379 is divided by 3319?
436
What is the remainder when 12937982 is divided by 39206?
2
Calculate the remainder when 2870016 is divided by 116.
60
What is the remainder when 236715 is divided by 269?
264
Calculate the remainder when 59333 is divided by 3269.
491
What is the remainder when 1578181046 is divided by 50?
46
What is the remainder when 78021 is divided by 1730?
171
Calculate the remainder when 448211 is divided by 4394.
23
Calculate the remainder when 36041573 is divided by 50.
23
Calculate the remainder when 57567 is divided by 2776.
2047
Calculate the remainder when 1072792096 is divided by 18.
16
What is the remainder when 128947 is divided by 32174?
251
Calculate the remainder when 11583458 is divided by 140.
138
Calculate the remainder when 8391425 is divided by 23.
13
What is the remainder when 2537921 is divided by 2537899?
22
What is the remainder when 394883 is divided by 1329?
170
Calculate the remainder when 548832 is divided by 3192.
3000
What is the remainder when 207895 is divided by 29632?
471
Calculate the remainder when 250454 is divided by 177.
176
Calculate the remainder when 1364959 is divided by 32499.
1
Calculate the remainder when 429236 is divided by 12.
8
What is the remainder when 52147614 is divided by 2384?
2382
Calculate the remainder when 134865 is divided by 222.
111
Calculate the remainder when 3224915 is divided by 78656.
19
Calculate the remainder when 1078191 is divided by 269223.
1299
Calculate the remainder when 65185614 is divided by 16.
14
What is the remainder when 3520516 is divided by 9240?
76
Calculate the remainder when 47041 is divided by 5779.
809
Calculate the remainder when 20866672 is divided by 695.
687
What is the remainder when 8616160 is divided by 2231?
38
What is the remainder when 23595 is divided by 4905?
3975
What is the remainder when 258245 is divided by 2700?
1745
What is the remainder when 931520 is divided by 58220?
0
Calculate the remainder when 152213 is divided by 1094.
147
What is the remainder when 6356355 is divided by 3178177?
1
What is the remainder when 2849035 is divided by 10436?
7
Calculate the remainder when 2612678 is divided by 18.
14
Calculate the remainder when 45039 is divided by 258.
147
Calculate the remainder when 5233088 is divided by 78.
68
Calculate the remainder when 1450982 is divided by 557.
554
Calculate the remainder when 108687 is divided by 17734.
2283
Calculate the remainder when 1209843 is divided by 79.
37
Calculate the remainder when 35085079 is divided by 844.
843
Calculate the remainder when 229474 is divided by 298.
14
What is the remainder when 772672 is divided by 437?
56
What is the remainder when 261517 is divided by 2180?
2097
What is the remainder when 3211783 is divided by 256?
7
What is the remainder when 7011415 is divided by 1815?
70
Calculate the remainder when 8210549 is divided by 127.
126
Calculate the remainder when 13810642 is divided by 3972.
3970
What is the remainder when 11711 is divided by 1124?
471
What is the remainder when 592985 is divided by 2392?
2161
What is the remainder when 85045 is divided by 14174?
1
Calculate the remainder when 17207743 is divided by 6150.
43
What is the remainder when 94213 is divided by 256?
5
Calculate the remainder when 22325 is divided by 10082.
2161
Calculate the remainder when 13311834 is divided by 6655917.
0
Calculate the remainder when 2219891 is divided by 248.
43
What is the remainder when 37794 is divided by 1890?
1884
Calculate the remainder when 3929471 is divided by 24870.
11
What is the remainder when 49990 is divided by 460?
310
What is the remainder when 476072 is divided by 440?
432
What is the remainder when 7082848 is divided by 7082783?
65
Calculate the remainder when 112453 is divided by 346.
3
What is the remainder when 215632 is divided by 215612?
20
Calculate the remainder when 2077759 is divided by 28462.
33
Calculate the remainder when 3729849 is divided by 164.
161
What is the remainder when 1965990 is divided by 9144?
30
Calculate the remainder when 322275 is divided by 322127.
148
What is the remainder when 15985338 is divided by 5328316?
390
What is the remainder when 575894 is divided by 41135?
4
What is the remainder when 2210089 is divided by 860?
749
Calculate the remainder when 934850 is divided by 133510.
280
Calculate the remainder when 23223654 is divided by 3714.
12
Calculate th